e prime factors of ((-12)/l)/(2/(-5))?
2
Suppose 33 = 2*g + 3*n, -5*n - 6 - 9 = 0. List the prime factors of g.
3, 7
Suppose 0 = -0*p + p - 3. Suppose -3 = p*l - 5*j, -5*l - 2*j = -7*j - 5. List the prime factors of l.
2
Let y = -22 + 31. List the prime factors of y.
3
Suppose -6 + 174 = 4*v. List the prime factors of v.
2, 3, 7
Let d = 11 - 24. Let o = 4 + d. Let q = o + 17. List the prime factors of q.
2
Let j(o) = 2*o**3 + 3*o**2 - 3*o - 2. Let b be j(2). Suppose 4*t - 70 + b = -2*q, q - 3*t - 10 = 0. What are the prime factors of q?
19
Let x = 6 + -5. Let g be (1/(-3))/(x/(-21)). Let f = -3 + g. What are the prime factors of f?
2
What are the prime factors of 35 + 20/(-5) + -2 + 4?
3, 11
Let q(l) = 4*l - l**3 + 6*l**2 - 8 + 2 - l - 2. List the prime factors of q(6).
2, 5
Let i(c) = -c**3 + 6*c**2 + 2*c - 5. Let t be i(6). Let b = 7 - t. Let q = 18 - b. What are the prime factors of q?
2, 3
Let i(t) = 3*t + 3. Let m(c) = 12*c + 13. Let o(b) = 9*i(b) - 2*m(b). List the prime factors of o(8).
5
Let f = -42 + 69. Suppose a = 3 + f. List the prime factors of a.
2, 3, 5
Let i be (-1)/(-2) + 5/2. Let v(a) = 2*a - 4*a**3 + 3*a**i - 2*a**2 + 0*a**2. What are the prime factors of v(-3)?
3
Suppose 0 = -3*l - 2*t + 4, -l - t + 1 + 1 = 0. Suppose -7*m + 32 = m. Suppose l = -m*g + 23 + 9. List the prime factors of g.
2
Suppose -s - 7 = -4*k, s = 2*s - 5*k + 8. Let i(u) = -u + 4*u - 148 + u**2 + 150. What are the prime factors of i(s)?
2
Let f be (9/(-2))/(2/(-4)). Let z be (10/(-8))/(5/20). Let n = z + f. What are the prime factors of n?
2
Let t be -1 - 14/(-4)*6. Let a = t + -11. Let v = a + -1. What are the prime factors of v?
2
Let n = 31 + -10. List the prime factors of n.
3, 7
Let c(h) = h**2 - 1. Let s be c(5). Suppose -2*n + 4*d = s, -d + 2*d + 1 = -3*n. List the prime factors of (-2)/(n/(-11)*-1).
11
Let m = 7 - 5. Suppose 36 = 2*b + 4*s, s - 2 + 7 = 0. Suppose 2*v = 2*h - b, -h - 4*v = m*h - 28. What are the prime factors of h?
2, 3
Let f(u) = -2*u**3 + 4*u**2 + 4*u + 2. What are the prime factors of f(-2)?
2, 13
Let y be 0*(-2)/(-4)*2. Suppose -5*m + 4*h + 39 = y, 2*m + 2*h = -h + 34. What are the prime factors of m?
11
Suppose -488 = -5*q + 3*z, -4*z + 112 = q - z. Suppose -3*m - 2*v = -94, -5*m + 57 = 3*v - q. List the prime factors of m.
2
Let i(o) = o**2 - 7*o - 3. What are the prime factors of i(-6)?
3, 5
Let k(l) be the first derivative of -l**2 + 8*l - 4. Let p be k(7). Let d = p - -14. List the prime factors of d.
2
Suppose -t + 4 = 2. Suppose y + 50 = 4*p - 17, 0 = -t*p + 4*y + 44. What are the prime factors of p?
2
Let y = -12 - -37. Suppose -3*i = 3, -4*z = -5*z + 2*i + y. What are the prime factors of z?
23
Suppose 0 = 3*y - 0*y - 75. Let d be 32/(-40)*y/2. Let t(v) = -v + 2. List the prime factors of t(d).
2, 3
Let f(n) = n**2 - 9*n + 4. Let i be f(4). Let q = -10 - i. List the prime factors of q.
2, 3
Let d(w) = -w**2 + 19*w - 9. What are the prime factors of d(14)?
61
Suppose 5*c + 0*q - 7 = 3*q, 0 = 3*c + 5*q + 23. Let w(k) = 50*k**2 + 3*k + 2. What are the prime factors of w(c)?
7
Let s(p) = 7*p**2 + 10*p + 2. List the prime factors of s(-4).
2, 37
List the prime factors of (906/4)/3 + 3/6.
2, 19
Let r be (1 + 9/(-6))*-4. Suppose -r*d + 26 = -32. Suppose 3*w = -3*k - 3 + 24, -3*w - k + d = 0. What are the prime factors of w?
11
Let t = 2 - -2. Suppose -4*v = -j - 46, -3*v = 3*j - 31 + t. List the prime factors of v.
11
Let c be 2*(-1)/4*-2. Let j = 11 - c. List the prime factors of j.
2, 5
Suppose 2*i = -b + 7 + 7, -2*i = 4*b - 20. Suppose r + 1 - i = -2*q, 5*r - 5*q - 55 = 0. What are the prime factors of r?
3
Let y = 1 - 5. Let k be -1*(-1)/1 + 5. Let f = y + k. What are the prime factors of f?
2
Suppose -3*d + 0*d + 12 = 0. Let r(t) = 2*t**2 + 4 - t**3 - 4*t + 0 - 2*t**2 + 5*t**2. What are the prime factors of r(d)?
2
List the prime factors of (-735)/(-10)*(2 + 8/(-6)).
7
Suppose -w = 4*w. Suppose -4*n + 3*z - 10 = 0, 5*z + 2 = -w*n + 2*n. Let o = -1 - n. What are the prime factors of o?
3
Suppose 2*t = -5 - 5. Let u(m) be the second derivative of -m**3/6 - 3*m**2/2 - 5*m. What are the prime factors of u(t)?
2
List the prime factors of 14 - (0 + -5 + 2).
17
Let m(y) = -y**2 - 7*y - 5. Let z be m(-5). Suppose -8 = z*o - 4*w, 3*w = -4*o + 3*o + 6. Suppose o = 4*h - 3 - 21. What are the prime factors of h?
2, 3
Let d = 0 + 2. Let g = 4 - d. List the prime factors of g.
2
Suppose 0 = -5*z + 14 - 4. Suppose -z*f + 1 = 37. What are the prime factors of (-20)/(-6)*f/(-5)?
2, 3
Let q be 1/(3 - 33/12). Let z(x) = x**2 - 4*x + 4. Let t be z(q). Suppose -58 + 10 = -t*a. List the prime factors of a.
2, 3
Let o(l) = -11*l - 20. Let j be o(-14). Suppose -4*y = -i + 3*i - j, 0 = -y + 4*i + 38. What are the prime factors of y?
2, 17
Suppose 4*a = 58 + 362. What are the prime factors of a?
3, 5, 7
Let y be (-42)/35*40/(-6). Suppose -3*c + y*c - 75 = 0. Suppose -4*w = -w - c. List the prime factors of w.
5
Let v = 3 + -5. What are the prime factors of (1 - (v - 0)) + 0?
3
Let t(y) = -y**2 + 15*y + 12. Let s be t(12). Suppose -12 = -k + 2*v - 7*v, 0 = -3*k - 3*v + s. List the prime factors of k.
17
Let p(k) = -k**3 + k**2 + 2*k + 4. Suppose 2*c - c - 3 = 0. Let h be p(c). Let x = h + 10. What are the prime factors of x?
2
Suppose x - 5 = 70. What are the prime factors of x?
3, 5
Let g be 1/((-1)/(-12)*1). Suppose 5*b = -7 - 3. Let c = b + g. List the prime factors of c.
2, 5
Suppose -3*d + g + 187 = -0*d, -182 = -3*d - 4*g. What are the prime factors of d?
2, 31
Suppose -3*j + 3*w = -8*j + 566, -3*w = -2*j + 239. List the prime factors of j.
5, 23
Let t be -1 - (7 + 4 - 3). Let d = 8 - t. What are the prime factors of d?
17
Suppose -b + 0*b = -3. Let u(a) be the third derivative of a**6/120 - a**5/60 - a**4/12 - a**3/6 + a**2. What are the prime factors of u(b)?
11
Let a(q) = q + 1. Let t be a(-1). Suppose -5*b + 10 = -t. Suppose -7*k + 40 = -b*k. What are the prime factors of k?
2
Suppose -5*d + 9*d = 0. Let q(g) = g + 10. Let z(m) = -m - 11. Let r(o) = 3*q(o) + 2*z(o). What are the prime factors of r(d)?
2
Let t = -6 - -1. What are the prime factors of 22*(10/(-4))/t?
11
Let f = 0 - 1. Let v be 15/10*(17 - f). Let n = -18 + v. What are the prime factors of n?
3
Let o(c) = c**2 - c - 5. Let u be o(0). Let m(i) = i**2 + 6*i + 7. Let n be m(u). What are the prime factors of (18/(-12))/(n/(-8))?
2, 3
Let f be (3 - 4)*-1 - 8. Let g(o) = 48*o**3. Let p be g(-1). What are the prime factors of f*1*p/28?
2, 3
Suppose 44 + 132 = 4*w. What are the prime factors of w?
2, 11
Let g = -70 - -99. Let u = g - 14. What are the prime factors of u?
3, 5
Let d(c) = -c**3 + 4*c + 3. Let n be d(-2). Suppose 6*t - n*t = 24. Let r = 0 + t. List the prime factors of r.
2
Suppose 0 = 3*u - 4*v - 8, -4*u - 41 = 2*v + 3*v. Suppose 0*b + 5*a = -2*b, 2*a = -3*b + 22. Let f = b - u. What are the prime factors of f?
2, 7
Suppose -4*x + 30 + 2 = 0. Let a(y) = -y**3 - 6*y**2 - 6. Let n be a(-6). Let o = x + n. What are the prime factors of o?
2
Let y = 103 + -47. Suppose -3*x + y = x. List the prime factors of x.
2, 7
Let b be (-3)/(-12) + (-135)/12. Let w = b - -30. List the prime factors of w.
19
Let n(r) = 4*r + 2. Suppose -4*v - v - 5*z - 90 = 0, -56 = 3*v + 2*z. Let j be 1/(-2) + v/(-8). List the prime factors of n(j).
2, 5
Let b(h) = 3*h**3 - 5*h - 4*h**3 - 2*h + 10*h**2 - 12. Suppose -2*s + 14 + 4 = 0. What are the prime factors of b(s)?
2, 3
Let a = 4 - 2. Suppose 5*k = 5*n + 80, 0*n + 34 = -4*n - a*k. Let x = 2 - n. List the prime factors of x.
13
Let v(g) = -g**2 + 38*g - 36. List the prime factors of v(22).
2, 79
Suppose 2*v - 4*u - 116 = 0, -175 = -4*v + v + 5*u. Suppose 2*s - v = -s. What are the prime factors of s?
2, 5
Let p(z) = -z - 1. Let m be p(-3). Let d be (-50)/(-6) - m/(-3). Suppose d = -3*u + 21, 36 = 4*f - 5*u. What are the prime factors of f?
2, 7
Let i(d) be the second derivative of d**6/360 - d**5/24 - d**4/6 + d**3/3 + d. Let l(j) be the second derivative of i(j). List the prime factors of l(6).
2
Let u = 17 + -6. Suppose -s - 83 = -4*w, s - 48 = -5*w + 67. Let b = w - u. List the prime factors of b.
11
Let f be -1 + 2 + (-4 - -10). Let m be (-10)/35 - (-9)/f. What are the prime factors of (m/(-2))/((-2)/8)?
2
Let a = -19 + -11. Let p(f) = 5